{"id":2029,"date":"2025-09-25T09:52:13","date_gmt":"2025-09-25T07:52:13","guid":{"rendered":"https:\/\/mpgk.zgorzelec.pl\/?page_id=2029"},"modified":"2025-09-25T09:53:55","modified_gmt":"2025-09-25T07:53:55","slug":"zgolvit-organiczny-srodek-poprawiajacy-wlasciwosci-gleby","status":"publish","type":"page","link":"https:\/\/mpgk.zgorzelec.pl\/index.php\/zgolvit-organiczny-srodek-poprawiajacy-wlasciwosci-gleby\/","title":{"rendered":"ZgolVIT \u2013 organiczny \u015brodek poprawiaj\u0105cy w\u0142a\u015bciwo\u015bci gleby"},"content":{"rendered":"\t\t<div data-elementor-type=\"wp-page\" data-elementor-id=\"2029\" class=\"elementor elementor-2029\">\n\t\t\t\t\t\t\t\t\t<section class=\"elementor-section elementor-top-section elementor-element elementor-element-35e3f69 elementor-section-boxed elementor-section-height-default elementor-section-height-default\" data-id=\"35e3f69\" data-element_type=\"section\">\n\t\t\t\t\t\t<div class=\"elementor-container elementor-column-gap-default\">\n\t\t\t\t\t<div class=\"elementor-column elementor-col-100 elementor-top-column elementor-element elementor-element-15f6431\" data-id=\"15f6431\" data-element_type=\"column\">\n\t\t\t<div class=\"elementor-widget-wrap elementor-element-populated\">\n\t\t\t\t\t\t\t\t<div class=\"elementor-element elementor-element-f856820 elementor-widget elementor-widget-image\" data-id=\"f856820\" data-element_type=\"widget\" data-widget_type=\"image.default\">\n\t\t\t\t<div class=\"elementor-widget-container\">\n\t\t\t<style>\/*! elementor - v3.15.0 - 09-08-2023 *\/\n.elementor-widget-image{text-align:center}.elementor-widget-image a{display:inline-block}.elementor-widget-image a img[src$=\".svg\"]{width:48px}.elementor-widget-image img{vertical-align:middle;display:inline-block}<\/style>\t\t\t\t\t\t\t\t\t\t\t\t<img loading=\"lazy\" decoding=\"async\" width=\"750\" height=\"530\" src=\"https:\/\/mpgk.zgorzelec.pl\/wp-content\/uploads\/2025\/09\/KUP-ORGANICZNY-SRODEK-1024x724.png\" class=\"attachment-large size-large wp-image-2019\" alt=\"\" srcset=\"https:\/\/mpgk.zgorzelec.pl\/wp-content\/uploads\/2025\/09\/KUP-ORGANICZNY-SRODEK-1024x724.png 1024w, https:\/\/mpgk.zgorzelec.pl\/wp-content\/uploads\/2025\/09\/KUP-ORGANICZNY-SRODEK-300x212.png 300w, https:\/\/mpgk.zgorzelec.pl\/wp-content\/uploads\/2025\/09\/KUP-ORGANICZNY-SRODEK-768x543.png 768w, https:\/\/mpgk.zgorzelec.pl\/wp-content\/uploads\/2025\/09\/KUP-ORGANICZNY-SRODEK-1536x1086.png 1536w, https:\/\/mpgk.zgorzelec.pl\/wp-content\/uploads\/2025\/09\/KUP-ORGANICZNY-SRODEK.png 2000w\" sizes=\"auto, (max-width: 750px) 100vw, 750px\" \/>\t\t\t\t\t\t\t\t\t\t\t\t\t\t\t<\/div>\n\t\t\t\t<\/div>\n\t\t\t\t\t<\/div>\n\t\t<\/div>\n\t\t\t\t\t\t\t<\/div>\n\t\t<\/section>\n\t\t\t\t<section class=\"elementor-section elementor-top-section elementor-element elementor-element-92c9ebc elementor-section-boxed elementor-section-height-default elementor-section-height-default\" data-id=\"92c9ebc\" data-element_type=\"section\">\n\t\t\t\t\t\t<div class=\"elementor-container elementor-column-gap-default\">\n\t\t\t\t\t<div class=\"elementor-column elementor-col-100 elementor-top-column elementor-element elementor-element-56c836e\" data-id=\"56c836e\" data-element_type=\"column\">\n\t\t\t<div class=\"elementor-widget-wrap elementor-element-populated\">\n\t\t\t\t\t\t\t\t<div class=\"elementor-element elementor-element-13dd83f elementor-widget elementor-widget-text-editor\" data-id=\"13dd83f\" data-element_type=\"widget\" data-widget_type=\"text-editor.default\">\n\t\t\t\t<div class=\"elementor-widget-container\">\n\t\t\t<style>\/*! elementor - v3.15.0 - 09-08-2023 *\/\n.elementor-widget-text-editor.elementor-drop-cap-view-stacked .elementor-drop-cap{background-color:#69727d;color:#fff}.elementor-widget-text-editor.elementor-drop-cap-view-framed .elementor-drop-cap{color:#69727d;border:3px solid;background-color:transparent}.elementor-widget-text-editor:not(.elementor-drop-cap-view-default) .elementor-drop-cap{margin-top:8px}.elementor-widget-text-editor:not(.elementor-drop-cap-view-default) .elementor-drop-cap-letter{width:1em;height:1em}.elementor-widget-text-editor .elementor-drop-cap{float:left;text-align:center;line-height:1;font-size:50px}.elementor-widget-text-editor .elementor-drop-cap-letter{display:inline-block}<\/style>\t\t\t\t<p><strong>Miejskie Przedsi\u0119biorstwo Gospodarki Komunalnej Sp. z o.o. w Zgorzelcu zaprasza do zakupu organicznego \u015brodka poprawiaj\u0105cego w\u0142a\u015bciwo\u015bci gleby \u201eZgolVIT\u201d.<\/strong><\/p><p>\u015arodek \u201e<strong>ZgolVIT<\/strong>\u201d wzbogaca gleb\u0119 w sk\u0142adniki pokarmowe oraz materi\u0119 organiczn\u0105, co poprawia w\u0142a\u015bciwo\u015bci fizyczne, chemiczne i biologiczne gleb. \u015arodek mo\u017ce by\u0107 stosowany w uprawie polowej ro\u015blin rolniczych, na u\u017cytkach zielonych, w uprawie ro\u015blin ozdobnych oraz na trawnikach, w uprawach sadowniczych, a tak\u017ce do rekultywacji gleb zdegradowanych.<\/p><p><strong>\u201eZgolVIT\u201d<\/strong>, kt\u00f3rego producentem jest MPGK w Zgorzelcu wytwarzany jest na terenie kompostowni w \u00a0Zak\u0142adzie Utylizacji Odpad\u00f3w Komunalnych w J\u0119drzychowicach zgodnie z decyzj\u0105 Ministra Rolnictwa i Rozwoju Wsi.<\/p>\t\t\t\t\t\t<\/div>\n\t\t\t\t<\/div>\n\t\t\t\t\t<\/div>\n\t\t<\/div>\n\t\t\t\t\t\t\t<\/div>\n\t\t<\/section>\n\t\t\t\t<section class=\"elementor-section elementor-top-section elementor-element elementor-element-ccc4adc elementor-section-boxed elementor-section-height-default elementor-section-height-default\" data-id=\"ccc4adc\" data-element_type=\"section\">\n\t\t\t\t\t\t<div class=\"elementor-container elementor-column-gap-default\">\n\t\t\t\t\t<div class=\"elementor-column elementor-col-100 elementor-top-column elementor-element elementor-element-78a6478\" data-id=\"78a6478\" data-element_type=\"column\">\n\t\t\t<div class=\"elementor-widget-wrap elementor-element-populated\">\n\t\t\t\t\t\t\t\t<div class=\"elementor-element elementor-element-187e195 elementor-widget elementor-widget-accordion\" data-id=\"187e195\" data-element_type=\"widget\" data-widget_type=\"accordion.default\">\n\t\t\t\t<div class=\"elementor-widget-container\">\n\t\t\t<style>\/*! elementor - v3.15.0 - 09-08-2023 *\/\n.elementor-accordion{text-align:left}.elementor-accordion .elementor-accordion-item{border:1px solid #d5d8dc}.elementor-accordion .elementor-accordion-item+.elementor-accordion-item{border-top:none}.elementor-accordion .elementor-tab-title{margin:0;padding:15px 20px;font-weight:700;line-height:1;cursor:pointer;outline:none}.elementor-accordion .elementor-tab-title .elementor-accordion-icon{display:inline-block;width:1.5em}.elementor-accordion .elementor-tab-title .elementor-accordion-icon svg{width:1em;height:1em}.elementor-accordion .elementor-tab-title .elementor-accordion-icon.elementor-accordion-icon-right{float:right;text-align:right}.elementor-accordion .elementor-tab-title .elementor-accordion-icon.elementor-accordion-icon-left{float:left;text-align:left}.elementor-accordion .elementor-tab-title .elementor-accordion-icon .elementor-accordion-icon-closed{display:block}.elementor-accordion .elementor-tab-title .elementor-accordion-icon .elementor-accordion-icon-opened,.elementor-accordion .elementor-tab-title.elementor-active .elementor-accordion-icon-closed{display:none}.elementor-accordion .elementor-tab-title.elementor-active .elementor-accordion-icon-opened{display:block}.elementor-accordion .elementor-tab-content{display:none;padding:15px 20px;border-top:1px solid #d5d8dc}@media (max-width:767px){.elementor-accordion .elementor-tab-title{padding:12px 15px}.elementor-accordion .elementor-tab-title .elementor-accordion-icon{width:1.2em}.elementor-accordion .elementor-tab-content{padding:7px 15px}}.e-con-inner>.elementor-widget-accordion,.e-con>.elementor-widget-accordion{width:var(--container-widget-width);--flex-grow:var(--container-widget-flex-grow)}<\/style>\t\t<div class=\"elementor-accordion\">\n\t\t\t\t\t\t\t<div class=\"elementor-accordion-item\">\n\t\t\t\t\t<div id=\"elementor-tab-title-2561\" class=\"elementor-tab-title\" data-tab=\"1\" role=\"button\" aria-controls=\"elementor-tab-content-2561\" aria-expanded=\"false\">\n\t\t\t\t\t\t\t\t\t\t\t\t\t<span class=\"elementor-accordion-icon elementor-accordion-icon-left\" aria-hidden=\"true\">\n\t\t\t\t\t\t\t\t\t\t\t\t\t\t\t<span class=\"elementor-accordion-icon-closed\"><i class=\"fas fa-plus\"><\/i><\/span>\n\t\t\t\t\t\t\t\t<span class=\"elementor-accordion-icon-opened\"><i class=\"fas fa-minus\"><\/i><\/span>\n\t\t\t\t\t\t\t\t\t\t\t\t\t\t<\/span>\n\t\t\t\t\t\t\t\t\t\t\t\t<a class=\"elementor-accordion-title\" tabindex=\"0\">Dokumenty do pobrania<\/a>\n\t\t\t\t\t<\/div>\n\t\t\t\t\t<div id=\"elementor-tab-content-2561\" class=\"elementor-tab-content elementor-clearfix\" data-tab=\"1\" role=\"region\" aria-labelledby=\"elementor-tab-title-2561\"><p><a href=\"https:\/\/mpgk.zgorzelec.pl\/wp-content\/uploads\/2025\/09\/zgolvit_karta_producenta_MPGK_Zgorzelec.pdf\">Karta producenta ZgolVIT \u2013 MPGK w Zgorzelcu<\/a><\/p><p><a href=\"https:\/\/mpgk.zgorzelec.pl\/wp-content\/uploads\/2025\/09\/instrukcja_decyzja_mrirw_mpgk_zgolvit.pdf\">Instrukcja stosowania i przechowywania \u201eZgolVIT\u201d<\/a><\/p><p><a href=\"https:\/\/mpgk.zgorzelec.pl\/wp-content\/uploads\/2025\/09\/zlecenie_polepszacz_ZgolVit.pdf\">Zlecenie na zakup ZgolVIT\u00a0<\/a><\/p><\/div>\n\t\t\t\t<\/div>\n\t\t\t\t\t\t\t\t<\/div>\n\t\t\t\t<\/div>\n\t\t\t\t<\/div>\n\t\t\t\t\t<\/div>\n\t\t<\/div>\n\t\t\t\t\t\t\t<\/div>\n\t\t<\/section>\n\t\t\t\t\t\t\t<\/div>\n\t\t","protected":false},"excerpt":{"rendered":"<p>Miejskie Przedsi\u0119biorstwo Gospodarki Komunalnej Sp. z o.o. w Zgorzelcu zaprasza do zakupu organicznego \u015brodka poprawiaj\u0105cego w\u0142a\u015bciwo\u015bci gleby \u201eZgolVIT\u201d. \u015arodek \u201eZgolVIT\u201d wzbogaca gleb\u0119 w sk\u0142adniki pokarmowe oraz materi\u0119 organiczn\u0105, co poprawia w\u0142a\u015bciwo\u015bci fizyczne, chemiczne i biologiczne gleb. \u015arodek mo\u017ce by\u0107 stosowany<\/p>\n","protected":false},"author":2,"featured_media":0,"parent":0,"menu_order":0,"comment_status":"closed","ping_status":"closed","template":"","meta":{"footnotes":""},"class_list":["post-2029","page","type-page","status-publish","hentry"],"yoast_head":"<!-- This site is optimized with the Yoast SEO plugin v20.13 - https:\/\/yoast.com\/wordpress\/plugins\/seo\/ -->\n<title>ZgolVIT \u2013 organiczny \u015brodek poprawiaj\u0105cy w\u0142a\u015bciwo\u015bci gleby - Miejskie Przedsi\u0119biorstwo Gospodarki Komunalnej Sp. z o.o. w Zgorzelcu<\/title>\n<meta name=\"robots\" content=\"index, follow, max-snippet:-1, max-image-preview:large, max-video-preview:-1\" \/>\n<link rel=\"canonical\" href=\"https:\/\/mpgk.zgorzelec.pl\/index.php\/zgolvit-organiczny-srodek-poprawiajacy-wlasciwosci-gleby\/\" \/>\n<meta property=\"og:locale\" content=\"pl_PL\" \/>\n<meta property=\"og:type\" content=\"article\" \/>\n<meta property=\"og:title\" content=\"ZgolVIT \u2013 organiczny \u015brodek poprawiaj\u0105cy w\u0142a\u015bciwo\u015bci gleby - Miejskie Przedsi\u0119biorstwo Gospodarki Komunalnej Sp. z o.o. w Zgorzelcu\" \/>\n<meta property=\"og:description\" content=\"Miejskie Przedsi\u0119biorstwo Gospodarki Komunalnej Sp. z o.o. w Zgorzelcu zaprasza do zakupu organicznego \u015brodka poprawiaj\u0105cego w\u0142a\u015bciwo\u015bci gleby \u201eZgolVIT\u201d. \u015arodek \u201eZgolVIT\u201d wzbogaca gleb\u0119 w sk\u0142adniki pokarmowe oraz materi\u0119 organiczn\u0105, co poprawia w\u0142a\u015bciwo\u015bci fizyczne, chemiczne i biologiczne gleb. \u015arodek mo\u017ce by\u0107 stosowany\" \/>\n<meta property=\"og:url\" content=\"https:\/\/mpgk.zgorzelec.pl\/index.php\/zgolvit-organiczny-srodek-poprawiajacy-wlasciwosci-gleby\/\" \/>\n<meta property=\"og:site_name\" content=\"Miejskie Przedsi\u0119biorstwo Gospodarki Komunalnej Sp. z o.o. w Zgorzelcu\" \/>\n<meta property=\"article:modified_time\" content=\"2025-09-25T07:53:55+00:00\" \/>\n<meta property=\"og:image\" content=\"https:\/\/mpgk.zgorzelec.pl\/wp-content\/uploads\/2025\/09\/KUP-ORGANICZNY-SRODEK-1024x724.png\" \/>\n<meta name=\"twitter:card\" content=\"summary_large_image\" \/>\n<script type=\"application\/ld+json\" class=\"yoast-schema-graph\">{\"@context\":\"https:\/\/schema.org\",\"@graph\":[{\"@type\":\"WebPage\",\"@id\":\"https:\/\/mpgk.zgorzelec.pl\/index.php\/zgolvit-organiczny-srodek-poprawiajacy-wlasciwosci-gleby\/\",\"url\":\"https:\/\/mpgk.zgorzelec.pl\/index.php\/zgolvit-organiczny-srodek-poprawiajacy-wlasciwosci-gleby\/\",\"name\":\"ZgolVIT \u2013 organiczny \u015brodek poprawiaj\u0105cy w\u0142a\u015bciwo\u015bci gleby - Miejskie Przedsi\u0119biorstwo Gospodarki Komunalnej Sp. z o.o. w Zgorzelcu\",\"isPartOf\":{\"@id\":\"https:\/\/mpgk.zgorzelec.pl\/#website\"},\"datePublished\":\"2025-09-25T07:52:13+00:00\",\"dateModified\":\"2025-09-25T07:53:55+00:00\",\"breadcrumb\":{\"@id\":\"https:\/\/mpgk.zgorzelec.pl\/index.php\/zgolvit-organiczny-srodek-poprawiajacy-wlasciwosci-gleby\/#breadcrumb\"},\"inLanguage\":\"pl-PL\",\"potentialAction\":[{\"@type\":\"ReadAction\",\"target\":[\"https:\/\/mpgk.zgorzelec.pl\/index.php\/zgolvit-organiczny-srodek-poprawiajacy-wlasciwosci-gleby\/\"]}]},{\"@type\":\"BreadcrumbList\",\"@id\":\"https:\/\/mpgk.zgorzelec.pl\/index.php\/zgolvit-organiczny-srodek-poprawiajacy-wlasciwosci-gleby\/#breadcrumb\",\"itemListElement\":[{\"@type\":\"ListItem\",\"position\":1,\"name\":\"Home\",\"item\":\"https:\/\/mpgk.zgorzelec.pl\/\"},{\"@type\":\"ListItem\",\"position\":2,\"name\":\"ZgolVIT \u2013 organiczny \u015brodek poprawiaj\u0105cy w\u0142a\u015bciwo\u015bci gleby\"}]},{\"@type\":\"WebSite\",\"@id\":\"https:\/\/mpgk.zgorzelec.pl\/#website\",\"url\":\"https:\/\/mpgk.zgorzelec.pl\/\",\"name\":\"Miejskie Przedsi\u0119biorstwo Gospodarki Komunalnej Sp. z o.o. w Zgorzelcu\",\"description\":\"MPGK Zgorzelec\",\"publisher\":{\"@id\":\"https:\/\/mpgk.zgorzelec.pl\/#organization\"},\"potentialAction\":[{\"@type\":\"SearchAction\",\"target\":{\"@type\":\"EntryPoint\",\"urlTemplate\":\"https:\/\/mpgk.zgorzelec.pl\/?s={search_term_string}\"},\"query-input\":\"required name=search_term_string\"}],\"inLanguage\":\"pl-PL\"},{\"@type\":\"Organization\",\"@id\":\"https:\/\/mpgk.zgorzelec.pl\/#organization\",\"name\":\"Miejskie Przedsi\u0119biorstwo Gospodarki Komunalnej Sp. z o.o. w Zgorzelcu\",\"url\":\"https:\/\/mpgk.zgorzelec.pl\/\",\"logo\":{\"@type\":\"ImageObject\",\"inLanguage\":\"pl-PL\",\"@id\":\"https:\/\/mpgk.zgorzelec.pl\/#\/schema\/logo\/image\/\",\"url\":\"https:\/\/mpgk.zgorzelec.pl\/wp-content\/uploads\/2022\/05\/cropped-Logo-e1653213732347.png\",\"contentUrl\":\"https:\/\/mpgk.zgorzelec.pl\/wp-content\/uploads\/2022\/05\/cropped-Logo-e1653213732347.png\",\"width\":100,\"height\":63,\"caption\":\"Miejskie Przedsi\u0119biorstwo Gospodarki Komunalnej Sp. z o.o. w Zgorzelcu\"},\"image\":{\"@id\":\"https:\/\/mpgk.zgorzelec.pl\/#\/schema\/logo\/image\/\"}}]}<\/script>\n<!-- \/ Yoast SEO plugin. -->","yoast_head_json":{"title":"ZgolVIT \u2013 organiczny \u015brodek poprawiaj\u0105cy w\u0142a\u015bciwo\u015bci gleby - Miejskie Przedsi\u0119biorstwo Gospodarki Komunalnej Sp. z o.o. w Zgorzelcu","robots":{"index":"index","follow":"follow","max-snippet":"max-snippet:-1","max-image-preview":"max-image-preview:large","max-video-preview":"max-video-preview:-1"},"canonical":"https:\/\/mpgk.zgorzelec.pl\/index.php\/zgolvit-organiczny-srodek-poprawiajacy-wlasciwosci-gleby\/","og_locale":"pl_PL","og_type":"article","og_title":"ZgolVIT \u2013 organiczny \u015brodek poprawiaj\u0105cy w\u0142a\u015bciwo\u015bci gleby - Miejskie Przedsi\u0119biorstwo Gospodarki Komunalnej Sp. z o.o. w Zgorzelcu","og_description":"Miejskie Przedsi\u0119biorstwo Gospodarki Komunalnej Sp. z o.o. w Zgorzelcu zaprasza do zakupu organicznego \u015brodka poprawiaj\u0105cego w\u0142a\u015bciwo\u015bci gleby \u201eZgolVIT\u201d. \u015arodek \u201eZgolVIT\u201d wzbogaca gleb\u0119 w sk\u0142adniki pokarmowe oraz materi\u0119 organiczn\u0105, co poprawia w\u0142a\u015bciwo\u015bci fizyczne, chemiczne i biologiczne gleb. \u015arodek mo\u017ce by\u0107 stosowany","og_url":"https:\/\/mpgk.zgorzelec.pl\/index.php\/zgolvit-organiczny-srodek-poprawiajacy-wlasciwosci-gleby\/","og_site_name":"Miejskie Przedsi\u0119biorstwo Gospodarki Komunalnej Sp. z o.o. w Zgorzelcu","article_modified_time":"2025-09-25T07:53:55+00:00","og_image":[{"url":"https:\/\/mpgk.zgorzelec.pl\/wp-content\/uploads\/2025\/09\/KUP-ORGANICZNY-SRODEK-1024x724.png"}],"twitter_card":"summary_large_image","schema":{"@context":"https:\/\/schema.org","@graph":[{"@type":"WebPage","@id":"https:\/\/mpgk.zgorzelec.pl\/index.php\/zgolvit-organiczny-srodek-poprawiajacy-wlasciwosci-gleby\/","url":"https:\/\/mpgk.zgorzelec.pl\/index.php\/zgolvit-organiczny-srodek-poprawiajacy-wlasciwosci-gleby\/","name":"ZgolVIT \u2013 organiczny \u015brodek poprawiaj\u0105cy w\u0142a\u015bciwo\u015bci gleby - Miejskie Przedsi\u0119biorstwo Gospodarki Komunalnej Sp. z o.o. w Zgorzelcu","isPartOf":{"@id":"https:\/\/mpgk.zgorzelec.pl\/#website"},"datePublished":"2025-09-25T07:52:13+00:00","dateModified":"2025-09-25T07:53:55+00:00","breadcrumb":{"@id":"https:\/\/mpgk.zgorzelec.pl\/index.php\/zgolvit-organiczny-srodek-poprawiajacy-wlasciwosci-gleby\/#breadcrumb"},"inLanguage":"pl-PL","potentialAction":[{"@type":"ReadAction","target":["https:\/\/mpgk.zgorzelec.pl\/index.php\/zgolvit-organiczny-srodek-poprawiajacy-wlasciwosci-gleby\/"]}]},{"@type":"BreadcrumbList","@id":"https:\/\/mpgk.zgorzelec.pl\/index.php\/zgolvit-organiczny-srodek-poprawiajacy-wlasciwosci-gleby\/#breadcrumb","itemListElement":[{"@type":"ListItem","position":1,"name":"Home","item":"https:\/\/mpgk.zgorzelec.pl\/"},{"@type":"ListItem","position":2,"name":"ZgolVIT \u2013 organiczny \u015brodek poprawiaj\u0105cy w\u0142a\u015bciwo\u015bci gleby"}]},{"@type":"WebSite","@id":"https:\/\/mpgk.zgorzelec.pl\/#website","url":"https:\/\/mpgk.zgorzelec.pl\/","name":"Miejskie Przedsi\u0119biorstwo Gospodarki Komunalnej Sp. z o.o. w Zgorzelcu","description":"MPGK Zgorzelec","publisher":{"@id":"https:\/\/mpgk.zgorzelec.pl\/#organization"},"potentialAction":[{"@type":"SearchAction","target":{"@type":"EntryPoint","urlTemplate":"https:\/\/mpgk.zgorzelec.pl\/?s={search_term_string}"},"query-input":"required name=search_term_string"}],"inLanguage":"pl-PL"},{"@type":"Organization","@id":"https:\/\/mpgk.zgorzelec.pl\/#organization","name":"Miejskie Przedsi\u0119biorstwo Gospodarki Komunalnej Sp. z o.o. w Zgorzelcu","url":"https:\/\/mpgk.zgorzelec.pl\/","logo":{"@type":"ImageObject","inLanguage":"pl-PL","@id":"https:\/\/mpgk.zgorzelec.pl\/#\/schema\/logo\/image\/","url":"https:\/\/mpgk.zgorzelec.pl\/wp-content\/uploads\/2022\/05\/cropped-Logo-e1653213732347.png","contentUrl":"https:\/\/mpgk.zgorzelec.pl\/wp-content\/uploads\/2022\/05\/cropped-Logo-e1653213732347.png","width":100,"height":63,"caption":"Miejskie Przedsi\u0119biorstwo Gospodarki Komunalnej Sp. z o.o. w Zgorzelcu"},"image":{"@id":"https:\/\/mpgk.zgorzelec.pl\/#\/schema\/logo\/image\/"}}]}},"_links":{"self":[{"href":"https:\/\/mpgk.zgorzelec.pl\/index.php\/wp-json\/wp\/v2\/pages\/2029","targetHints":{"allow":["GET"]}}],"collection":[{"href":"https:\/\/mpgk.zgorzelec.pl\/index.php\/wp-json\/wp\/v2\/pages"}],"about":[{"href":"https:\/\/mpgk.zgorzelec.pl\/index.php\/wp-json\/wp\/v2\/types\/page"}],"author":[{"embeddable":true,"href":"https:\/\/mpgk.zgorzelec.pl\/index.php\/wp-json\/wp\/v2\/users\/2"}],"replies":[{"embeddable":true,"href":"https:\/\/mpgk.zgorzelec.pl\/index.php\/wp-json\/wp\/v2\/comments?post=2029"}],"version-history":[{"count":4,"href":"https:\/\/mpgk.zgorzelec.pl\/index.php\/wp-json\/wp\/v2\/pages\/2029\/revisions"}],"predecessor-version":[{"id":2033,"href":"https:\/\/mpgk.zgorzelec.pl\/index.php\/wp-json\/wp\/v2\/pages\/2029\/revisions\/2033"}],"wp:attachment":[{"href":"https:\/\/mpgk.zgorzelec.pl\/index.php\/wp-json\/wp\/v2\/media?parent=2029"}],"curies":[{"name":"wp","href":"https:\/\/api.w.org\/{rel}","templated":true}]}}